posite number?
True
Is 6119 composite?
True
Is 168497 a composite number?
True
Is 336437 composite?
False
Is 117101 a composite number?
False
Is 45647 a prime number?
False
Is 12497 a prime number?
True
Is 244217 a composite number?
False
Is 2748919 composite?
False
Is 60707 a composite number?
True
Is 16333 composite?
False
Is 29297 prime?
True
Is 162119 a composite number?
False
Is 4511 a composite number?
True
Is 1901 prime?
True
Is 49641 prime?
False
Is 37087 composite?
False
Is 825791 prime?
True
Is 71 prime?
True
Is 1053863 composite?
False
Is 157 composite?
False
Is 75307 composite?
False
Is 20209 a prime number?
False
Is 1994 prime?
False
Is 88211 composite?
False
Is 192949 composite?
False
Is 859783 a prime number?
True
Is 25807 composite?
True
Is 20467 a prime number?
False
Is 12037 composite?
False
Is 5045 prime?
False
Is 33049 a composite number?
False
Is 11959 prime?
True
Is 1049 a composite number?
False
Is 5027 a composite number?
True
Is 5137 prime?
False
Is 62851 a composite number?
False
Is 102461 prime?
True
Is 19811 a prime number?
False
Is 5755 a composite number?
True
Is 272651 a prime number?
True
Is 166909 prime?
True
Is 1300181 prime?
True
Is 1424197 a composite number?
True
Is 1657009 a composite number?
True
Is 8933 composite?
False
Is 132293 a prime number?
False
Is 15989 prime?
False
Is 20021 composite?
False
Is 419249 a prime number?
True
Is 31307 prime?
True
Is 692995 a prime number?
False
Is 21145 composite?
True
Is 586 prime?
False
Is 618909 a prime number?
False
Is 447 a prime number?
False
Is 54101 composite?
False
Is 3251 a composite number?
False
Is 327539 composite?
True
Is 62921 prime?
True
Is 760381 composite?
True
Is 7031 composite?
True
Is 77219 prime?
False
Is 103534 a prime number?
False
Is 1255 composite?
True
Is 136163 prime?
True
Is 83339 composite?
False
Is 19439 composite?
True
Is 824437 a prime number?
True
Is 47981 a composite number?
False
Is 34031 composite?
False
Is 534273 a composite number?
True
Is 167593 a composite number?
False
Is 10369 prime?
True
Is 1768979 prime?
False
Is 8691 a composite number?
True
Is 503249 a composite number?
False
Is 39971 a prime number?
True
Is 131 composite?
False
Is 100369 prime?
False
Is 62039 prime?
True
Is 8057 a composite number?
True
Is 1828493 a composite number?
True
Is 663229 a prime number?
False
Is 36553 a composite number?
True
Is 46333 a prime number?
False
Is 11579 a prime number?
True
Is 1511 composite?
False
Is 12011 a prime number?
True
Is 728881 a prime number?
True
Is 25151 prime?
False
Is 25807 prime?
False
Is 18799 a composite number?
True
Is 11654 composite?
True
Is 45989 a prime number?
True
Is 13327 a prime number?
True
Is 47933 a composite number?
False
Is 41351 a composite number?
False
Is 552127 composite?
False
Is 233069 composite?
False
Is 1954 a composite number?
True
Is 1005977 a composite number?
True
Is 643197 a prime number?
False
Is 989 a prime number?
False
Is 3979 composite?
True
Is 270373 composite?
True
Is 56051 a prime number?
False
Is 21479 prime?
False
Is 63997 prime?
True
Is 5953 prime?
True
Is 39971 a prime number?
True
Is 22921 a composite number?
False
Is 347223 prime?
False
Is 26797 prime?
False
Is 15919 a prime number?
True
Is 137239 composite?
False
Is 51707 a prime number?
False
Is 1854299 composite?
False
Is 8506 composite?
True
Is 919 a composite number?
False
Is 8051 prime?
False
Is 8767 a composite number?
True
Is 75413 a prime number?
False
Is 3719 composite?
False
Is 163039 a composite number?
True
Is 8329 composite?
False
Is 140902 a prime number?
False
Is 381 a composite number?
True
Is 2314223 composite?
True
Is 853 prime?
True
Is 2777 composite?
False
Is 2929 a prime number?
False
Is 5223 a composite number?
True
Is 152414 prime?
False
Is 47503 a prime number?
False
Is 614077 a composite number?
True
Is 20893 a composite number?
True
Is 50833 prime?
True
Is 409 composite?
False
Is 19387 prime?
True
Is 102513 a prime number?
False
Is 7 composite?
False
Is 2779 prime?
False
Is 77297 a composite number?
True
Is 38758 a prime number?
False
Is 148997 a prime number?
True
Is 22873 prime?
False
Is 743657 composite?
False
Is 222763 a composite number?
True
Is 1474271 a prime number?
True
Is 1064801 a composite number?
False
Is 6119 a prime number?
False
Is 2302 a composite number?
True
Is 17669 composite?
False
Is 46301 a prime number?
True
Is 10037 a prime number?
True
Is 1477 a prime number?
False
Is 518633 a composite number?
True
Is 4621 a prime number?
True
Is 691357 composite?
True
Is 23149 prime?
False
Is 10547 a composite number?
True
Is 419515 a composite number?
True
Is 1171823 composite?
False
Is 24281 prime?
True
Is 195101 composite?
True
Is 55747 a prime number?
False
Is 1741 composite?
False
Is 16343 a composite number?
True
Is 8609 a prime number?
True
Is 130769 a composite number?
False
Is 578981 prime?
False
Is 16869 a prime number?
False
Is 13033 composite?
False
Is 56273 a prime number?
False
Is 340757 a composite number?
False
Is 28081 composite?
False
Is 591739 composite?
False
Is 104891 a prime number?
True
Is 427801 composite?
True
Is 698077 composite?
False
Is 293 a composite number?
False
Is 2763751 prime?
True
Is 23887 prime?
True
Is 175043 a composite number?
True
Is 50771 a composite number?
True
Is 159667 a prime number?
True
Is 10057 composite?
True
Is 28859 prime?
True
Is 16183 a prime number?
True
Is 31313 prime?
False
Is 432097 a prime number?
True
Is 5045 a composite number?
True
Is 775417 composite?
False
Is 1973 a prime number?
True
Is 34321 a prime number?
False
Is 1439 prime?
True
Is 11087 a composite number?
False
Is 2859 a prime number?
False
Is 12721 prime?
True
Is 2863 a composite number?
True
Is 55191 composite?
True
Is 169523 a prime number?
True
Is 49597 a composite number?
False
Is 922169 prime?
True
Is 692621 prime?
True
Is 32933 composite?
False
Is 233627 composite?
True
Is 1218557 a prime number?
True
Is 8947 prime?
False
Is 497633 composite?
False
Is 347 a composite number?
False
Is 26889 a prime number?
False
Is 117029 prime?
False
Is 39965 prime?
False
Is 22897 a composite number?
True
Is 3863 a prime number?
True
Is 9439 composite?
False
Is 21647 a prime number?
True
Is 1779 composite?
True
Is 24391 a composite number?
False
Is 926461 a prime number?
True
Is 153727 a prime number?
False
Is 119539 a prime number?
False
Is 1259 prime?
True
Is 300461 a composite number?
True
Is 1958249 a prime number?
True
Is 2309 composite?
False
Is 79 composite?
False
Is 32995 composite?
True
Is 112934 prime?
False
Is 106583 a composite number?
True
Is 82439 a prime number?
False
Is 4011707 prime?
False
Is 246757 a composite number?
True
Is 221389 a composite number?
True
Is 140401 composite?
False
Is 412631 a prime number?
False
Is 4241 a prime number?
True
Is 1482979 prime?
False
Is 1078451 a composite number?
True
Is 152311 a prime number?
True
Is 33301 a composite number?
False
Is 24789 prime?
False
Is 182662 composite?
True
Is 6163 a prime number?
True
Is 28537 composite?
False
Is 6607 a composite number?
False
Is 1369 composite?
True
Is 528637 a composite number?
True
Is 77153 a prime number?
True
Is 34862 a composite number?
True
Is 89699 prime?
False
Is 105071 prime?
True
Is 402487 prime?
True
Is 2086243 prime?
True
Is 120499 a composite number?
True
Is 203362 a composite number?
True
Is 543869 prime?
False
Is 5791 composite?
False
Is 12671 a composite number?
False
Is 21647 a prime number?
True
Is 17657 composite?
False
Is 163 composite?
False
Is 345413 a prime number?
True
Is 1939 composite?
True
Is 27673 a prime number?
True
Is 808519 composite?
True
Is 1481 a composite number?
False
Is 2237 a prime number?
True
Is 22921 composite?
False
Is 2157 a prime number?
False
Is 794 composite?
True
Is 62747 composite?
True
Is 63463 a prime number?
True
Is 9527 prime?
False
Is 291493 composite?
True
Is 60511 composite?
True
Is 571579 composite?
False
Is 5531 composite?
False
Is 44867 a prime number?
True
Is 19801 composite?
False
Is 734797 a composite number?
True
Is 267538 a prime number?
False
Is 3149 a composite number?
True
Is 206153 prime?
True
Is 103 prime?
True
Is 13093 a composite number?
False
Is 116411 prime?
True
Is 83023 a composite number?
False
Is 3681